{"id":2,"date":"2022-06-25T05:21:15","date_gmt":"2022-06-25T05:21:15","guid":{"rendered":"https:\/\/doamnaghica1.ro\/ghica\/?page_id=2"},"modified":"2025-12-19T13:36:29","modified_gmt":"2025-12-19T11:36:29","slug":"sample-page","status":"publish","type":"page","link":"https:\/\/doamnaghica1.ro\/ghica\/index.php\/sample-page\/","title":{"rendered":"Util"},"content":{"rendered":"\r\n<h4>Contul <strong>Asociatiei de Proprietari Bl.1<\/strong><\/h4>\r\n<h4>din strada Doamna Ghica este<\/h4>\r\n<h3 style=\"text-align: left;\"><strong>RO47BRDE426SV14029054260<\/strong><\/h3>\r\n<h4>deschis la <strong>Agentia Tei<\/strong> a b\u0103ncii<\/h4>\r\n<h4><strong>BRD &#8211; Groupe Soci\u00e9t\u00e9 G\u00e9n\u00e9rale<\/strong><\/h4>\r\n<p>8 august 2022<\/p>\r\n<p><a href=\"https:\/\/doamnaghica1.ro\/ghica\/wp-content\/uploads\/2022\/09\/Legea196-2018_07sept2022.pdf\">Legea 196\/2018, consolidarea din 7 septembrie 2022<\/a><\/p>\r\n<p><a href=\"https:\/\/doamnaghica1.ro\/ghica\/wp-content\/uploads\/2023\/01\/123-2012.pdf\">Legea 123\/2012<\/a> &#8211; Legea energiei electrice \u0219i a gazelor naturale<\/p>\r\n<p><a href=\"https:\/\/doamnaghica1.ro\/ghica\/wp-content\/uploads\/2023\/10\/121_2014.pdf\">Legea 121\/2014<\/a> &#8211; Legea privind eficien\u0163a energetic\u0103<\/p>\r\n<p><a href=\"https:\/\/doamnaghica1.ro\/ghica\/wp-content\/uploads\/2024\/03\/Cerere-de-Adeziune-la-Asociatia-de-Proprietari.pdf\">Model<\/a> de cerere adeziune asocia\u021bie<\/p>\r\n<p>Ianuarie 2023 <a href=\"https:\/\/mfe.gov.ro\/ghidul-cardurilor-de-energie-tot-ce-trebuie-sa-stii-despre-ajutorul-de-1-400-de-lei-pentru-plata-facturilor\/\">Cardul de energie<\/a><\/p>\r\n<p>Februarie 2023 &#8211; Ghid pentru utilizarea cardului de energie publicat pe 6 februarie pe pagina <a href=\"https:\/\/mfe.gov.ro\/cardul-de-energie-ghidul-situatiilor-speciale-ce-trebuie-sa-stie-beneficiarii-sprijinului-de-1-400-lei-pentru-plata-facturilor-la-utilitati\/\">Ministerului investi\u021biilor \u0219i proiectelor europene\u00a0<\/a><\/p>\r\n","protected":false},"excerpt":{"rendered":"<p>Contul Asociatiei de Proprietari Bl.1 din strada Doamna Ghica este RO47BRDE426SV14029054260 deschis la Agentia Tei a b\u0103ncii BRD &#8211; Groupe Soci\u00e9t\u00e9 G\u00e9n\u00e9rale 8 august 2022 Legea 196\/2018, consolidarea din 7 septembrie 2022 Legea 123\/2012 &#8211; Legea energiei electrice \u0219i a gazelor naturale Legea 121\/2014 &#8211; Legea privind eficien\u0163a energetic\u0103 Model de cerere adeziune asocia\u021bie Ianuarie [&hellip;]<\/p>\n","protected":false},"author":1,"featured_media":0,"parent":0,"menu_order":0,"comment_status":"closed","ping_status":"closed","template":"","meta":{"footnotes":""},"class_list":["post-2","page","type-page","status-publish","hentry"],"_links":{"self":[{"href":"https:\/\/doamnaghica1.ro\/ghica\/index.php\/wp-json\/wp\/v2\/pages\/2","targetHints":{"allow":["GET"]}}],"collection":[{"href":"https:\/\/doamnaghica1.ro\/ghica\/index.php\/wp-json\/wp\/v2\/pages"}],"about":[{"href":"https:\/\/doamnaghica1.ro\/ghica\/index.php\/wp-json\/wp\/v2\/types\/page"}],"author":[{"embeddable":true,"href":"https:\/\/doamnaghica1.ro\/ghica\/index.php\/wp-json\/wp\/v2\/users\/1"}],"replies":[{"embeddable":true,"href":"https:\/\/doamnaghica1.ro\/ghica\/index.php\/wp-json\/wp\/v2\/comments?post=2"}],"version-history":[{"count":31,"href":"https:\/\/doamnaghica1.ro\/ghica\/index.php\/wp-json\/wp\/v2\/pages\/2\/revisions"}],"predecessor-version":[{"id":316,"href":"https:\/\/doamnaghica1.ro\/ghica\/index.php\/wp-json\/wp\/v2\/pages\/2\/revisions\/316"}],"wp:attachment":[{"href":"https:\/\/doamnaghica1.ro\/ghica\/index.php\/wp-json\/wp\/v2\/media?parent=2"}],"curies":[{"name":"wp","href":"https:\/\/api.w.org\/{rel}","templated":true}]}}