{"id":191,"date":"2023-02-04T18:48:44","date_gmt":"2023-02-04T16:48:44","guid":{"rendered":"https:\/\/doamnaghica1.ro\/ghica\/?page_id=191"},"modified":"2026-01-16T13:35:19","modified_gmt":"2026-01-16T11:35:19","slug":"important","status":"publish","type":"page","link":"https:\/\/doamnaghica1.ro\/ghica\/index.php\/important\/","title":{"rendered":"Important"},"content":{"rendered":"<p>V\u0103 inform\u0103m c\u0103 \u00een termen de 15 zile de la schimbarea domiciliului sau stabilirea re\u0219edin\u021bei*, noii locatari au obliga\u021bia de a depune cerere pentru actualizarea c\u0103r\u021bii de imobil conform O.U.G 97\/2005 \u0219i a normelor metodologice de aplicare cuprinse \u00een <a href=\"https:\/\/doamnaghica1.ro\/ghica\/wp-content\/uploads\/2023\/02\/Hotararea-nr.-295_2021-Cartea-de-imobil.pdf\">H.G. 295\/2021<\/a>.<\/p>\n<p>Locatarii vor transmite pre\u0219edintelui asocia\u021biei, fie \u00een format electronic, fie \u00een format letric depus la cutia po\u0219tala a asocia\u021biei, toate datele cerute de Poli\u021bia Local\u0103 Sector 2 prin <a href=\"https:\/\/doamnaghica1.ro\/ghica\/wp-content\/uploads\/2023\/02\/Carte_imobil_Redacted.pdf\">adresa 5115\/27.01.2023<\/a>.<\/p>\n<p>Pentru apartamentele nelocuite nu este necesar\u0103 aceast\u0103 cerere.<\/p>\n<p>&nbsp;<\/p>\n<p>Ave\u021bi disponibil un formular acces\u00e2nd linkul urm\u0103tor :<\/p>\n<p><a href=\"https:\/\/doamnaghica1.ro\/ghica\/wp-content\/uploads\/2026\/01\/Cerere_cartea_de_imobil_declarare_nr_persoane.pdf\">Cerere de \u00eenscriere \u00een cartea de imobil \u0219i declarare num\u0103r persoane<\/a><\/p>\n<p>&nbsp;<\/p>\n<p>*Domiciliul reprezint\u0103 adresa la care persoana declar\u0103 c\u0103 are locuin\u0163a principal\u0103, trecut\u0103 \u015fi \u00een documentul de identitate al persoanei iar re\u015fedin\u0163a reprezint\u0103 adresa la care persoana fizic\u0103 declar\u0103 c\u0103 are locuin\u0163a secundar\u0103, alta dec\u00e2t cea de domiciliu.<\/p>\n<p>&nbsp;<\/p>\n","protected":false},"excerpt":{"rendered":"<p>V\u0103 inform\u0103m c\u0103 \u00een termen de 15 zile de la schimbarea domiciliului sau stabilirea re\u0219edin\u021bei*, noii locatari au obliga\u021bia de a depune cerere pentru actualizarea c\u0103r\u021bii de imobil conform O.U.G 97\/2005 \u0219i a normelor metodologice de aplicare cuprinse \u00een H.G. 295\/2021. Locatarii vor transmite pre\u0219edintelui asocia\u021biei, fie \u00een format electronic, fie \u00een format letric depus [&hellip;]<\/p>\n","protected":false},"author":1,"featured_media":0,"parent":0,"menu_order":0,"comment_status":"closed","ping_status":"closed","template":"","meta":{"footnotes":""},"class_list":["post-191","page","type-page","status-publish","hentry"],"_links":{"self":[{"href":"https:\/\/doamnaghica1.ro\/ghica\/index.php\/wp-json\/wp\/v2\/pages\/191","targetHints":{"allow":["GET"]}}],"collection":[{"href":"https:\/\/doamnaghica1.ro\/ghica\/index.php\/wp-json\/wp\/v2\/pages"}],"about":[{"href":"https:\/\/doamnaghica1.ro\/ghica\/index.php\/wp-json\/wp\/v2\/types\/page"}],"author":[{"embeddable":true,"href":"https:\/\/doamnaghica1.ro\/ghica\/index.php\/wp-json\/wp\/v2\/users\/1"}],"replies":[{"embeddable":true,"href":"https:\/\/doamnaghica1.ro\/ghica\/index.php\/wp-json\/wp\/v2\/comments?post=191"}],"version-history":[{"count":11,"href":"https:\/\/doamnaghica1.ro\/ghica\/index.php\/wp-json\/wp\/v2\/pages\/191\/revisions"}],"predecessor-version":[{"id":322,"href":"https:\/\/doamnaghica1.ro\/ghica\/index.php\/wp-json\/wp\/v2\/pages\/191\/revisions\/322"}],"wp:attachment":[{"href":"https:\/\/doamnaghica1.ro\/ghica\/index.php\/wp-json\/wp\/v2\/media?parent=191"}],"curies":[{"name":"wp","href":"https:\/\/api.w.org\/{rel}","templated":true}]}}